9*t - 101. Let j(d) = -13*d - 67. Let u(g) = 8*j(g) - 5*q(g). What is the hundreds digit of u(z)?
2
Suppose 8*d - 2*d = 12. Suppose -11 = -3*q - d*v, 3*q + v - 5 = 8. What is the units digit of q/(-7) + 1 - (-3207)/21?
3
Let u be 2787 - (-3)/((-18)/(-48)). Suppose -5479 = -7*h + u. What is the hundreds digit of h?
1
Let a(k) be the third derivative of k**4 + 7*k**3/6 + 7*k**2. Let d be a(-8). Let s = d - -312. What is the hundreds digit of s?
1
Let x(y) = -y**2 + 7*y + 10544. What is the units digit of x(0)?
4
Suppose 30*d - 24*d = 18060. Suppose 4*f = -3*f + d. What is the hundreds digit of f?
4
What is the units digit of (0 + 26/6)/(4457296/222864 + -20)?
9
Let u(r) = 2*r**2 - 3. Let w be u(-2). Suppose -w*k - 163 = 5*g - 1018, 681 = 4*g + 5*k. What is the tens digit of g?
7
Suppose 3*x = 3*i + 21633, 4*x + 0*x - 28852 = 6*i. What is the tens digit of x?
0
Let c(y) = y + 26. Let b = 25 - 26. Let o be (b + (-5)/2 + 3)*0. What is the tens digit of c(o)?
2
Suppose 2*q - 3037 = -s, -4*q + 11*s = -4412 - 1701. What is the tens digit of q?
2
What is the tens digit of 9732 - (-10 - -10)/(-10)?
3
Let u(h) = 261*h - 1875. What is the tens digit of u(40)?
6
Let z be 2494/6*(4 - (0 - -1)). Suppose 17*p + z = 14490. What is the tens digit of p?
7
Let m be 638/6 + 3/(-9). Suppose 3*r - 293 - m = 5*i, 0 = -3*i + 2*r - 239. Let g = i - -140. What is the tens digit of g?
5
Let c be (1*(-2 - -2))/(-1). Let g(m) = -11 + 3*m**2 + m**3 + c*m**2 + 7*m**2 + 3*m. What is the tens digit of g(-8)?
9
Suppose 0 = d - 459 + 1362. Let o = d - -1593. What is the tens digit of o?
9
Suppose 3*f - 4*r = 4 + 13, 3 = 3*f + 3*r. Suppose 0 = f*s - 2*v - 17, -8 = s + v - 7. What is the units digit of s?
3
Suppose -133*l - 3649984 = -240*l. What is the thousands digit of l?
4
Suppose -101*m + 408455 + 308544 = 0. What is the hundreds digit of m?
0
Suppose -2*l = z - 91961, 0*l - 4*l + 5*z = -183943. What is the thousands digit of l?
5
Let x be 4 + 7086/(-24)*-4. Let k = x - 821. What is the tens digit of k?
6
Suppose 4*p - 24404 = -2*a, 22*p - 26*p - a + 24406 = 0. Suppose -31*z + p = -13*z. What is the tens digit of z?
3
Let i be 84*(14/(-16)*-4 - -4). Let m = i + -360. What is the hundreds digit of m?
2
Let k = 77 + 7. Let n = k + -74. What is the tens digit of (-5)/(n/996)*3/(-9)?
6
Let x(t) = 14*t - 24. Let p be x(2). Suppose -84 = -4*i + 4*c, 2*c - c = p*i - 69. What is the units digit of i?
6
What is the units digit of 1858944/102 + (-24)/(-408)?
5
Let i(h) = 9*h + 69. Let j be i(-8). Let a be ((-2)/(-3))/(j + 172/60). Let w(m) = -11*m - 50. What is the units digit of w(a)?
5
Let k(t) = 76*t - 8. Suppose -4 = -b + c, -2*b = -5*c + 7 - 21. What is the units digit of k(b)?
4
Let n(l) = 29*l - 46. Let r = 27 - 8. Let t be n(r). Let y = t - 337. What is the tens digit of y?
6
Let r(j) be the first derivative of 13*j**4/24 - 2*j**3 - 10*j**2 - 24. Let f(q) be the second derivative of r(q). What is the units digit of f(10)?
8
Let i = -1113 + 1691. Let q = 818 - i. Suppose -2*w + 0*m = m - 123, -4*m + q = 4*w. What is the tens digit of w?
6
Let p(t) = -25*t + 694. Let q be p(21). Suppose 0 = -5*z + 24 + 1. Let m = q + z. What is the tens digit of m?
7
Let g(a) be the second derivative of 7*a**4/12 - 9*a**3 + 11*a**2/2 + 2*a + 17. What is the units digit of g(9)?
2
Let m = 716 + -464. Suppose 0 = -4*a + 3*a + m. What is the tens digit of a?
5
Suppose -156 + 343 = 6*q + 5*r, 3*q - 76 = r. What is the units digit of q?
7
Let u = -42917 - -70528. What is the ten thousands digit of u?
2
Suppose -5*j = a + 3*a - 110, -3*j + 66 = 5*a. Suppose 20 = -18*w + j*w. Suppose n - 3*k = -k + 61, 128 = 3*n + w*k. What is the tens digit of n?
5
Let j = -4 - -8. Suppose 5*y = 4*y + j, 0 = 4*f - 4*y - 44. Let w(p) = 11*p + 49. What is the hundreds digit of w(f)?
2
Suppose -2*x = -3*d + 10, 0*x = -2*x - 10. Suppose -o - 15*o + 128 = d. What is the tens digit of (1 - (-470)/o)/((-2)/(-8))?
3
What is the hundreds digit of ((-238)/102)/((-5)/24135*1)?
2
Suppose -77738 - 22362 = 35*p. Let i = -1932 - p. What is the tens digit of i?
2
Suppose 0 = -v - 2*v. Let a be (-112)/49*(-42)/(-18)*-93. Suppose 2*r = 4*m - a, -2*r = -5*m - v*r + 619. What is the hundreds digit of m?
1
What is the units digit of 4798/((-15)/(-390)*13)?
6
Let a be ((-1523625)/(-20))/25 + (-2)/8. Suppose -3*h = w - 3059, -3*h - 5*w = -6*h + a. What is the units digit of h?
9
Suppose 5992 = 2*s - 24292. What is the tens digit of s?
4
Let p(j) be the third derivative of -j**7/336 - j**6/240 + 13*j**5/60 - 4*j**2. Let v(i) be the third derivative of p(i). What is the tens digit of v(-6)?
8
Suppose 0 = 13*b - 10*b - 4845. Suppose 21*q + b = 4*q. Let a = 140 + q. What is the units digit of a?
5
Let i be 2 + -3 - -1*9/3. Suppose q - 750 = -i*q. What is the tens digit of q?
5
Let m(c) = -2*c + 10. Let j be m(7). Let s be -72*(7 + j + -4). Suppose s*h = 74*h - 362. What is the hundreds digit of h?
1
Suppose 9*r + 31203 - 161703 = 0. What is the tens digit of r?
0
Let m be 162*(-8 + 115/10). Suppose b = -89 + m. What is the hundreds digit of b?
4
Let t(o) be the first derivative of o**3/3 + 2*o**2 + 12*o + 9. Let s be t(-9). Suppose 2*l + 3*y = s + 8, -3*y = 4*l - 145. What is the units digit of l?
0
Let d = -217 - -236. Suppose d*i - 21*i = -346. What is the hundreds digit of i?
1
Let u(j) = j**3 - 4*j**2 - 2. Let d be u(4). Let m be ((-57)/6 - d)*24/30. What is the units digit of (-70)/m + 15/((-90)/4)?
1
Let g(z) be the second derivative of -z**5/20 + 5*z**4/12 + z**3 - 3*z**2/2 + 70*z. What is the units digit of g(-4)?
7
Suppose 53 - 65 = 3*d. Let s(c) = 23*c**2 + 2*c + 1. What is the units digit of s(d)?
1
Suppose 71029 = 2*x - 5*n, 5*n + 93233 = 4*x - 48860. What is the ten thousands digit of x?
3
Suppose -2*u = 4*o - 29178, -20*o = -22*o + 3*u + 14609. What is the hundreds digit of o?
2
Let s = 8019 + -3079. What is the tens digit of s?
4
Let z be (32/3 + 14/(-21))/2. Suppose 1746 = z*p - 249. Let u = -284 + p. What is the tens digit of u?
1
Suppose -3*s + 38418 = 16*s. Suppose 6*b - 3*z = 3*b + s, 0 = -b + 3*z + 664. What is the tens digit of b?
7
Let i(w) = 2*w - 4*w**2 - 64*w**3 + 154 - 302 + 149. What is the hundreds digit of i(-2)?
4
Suppose -7*u + 2*u = -85. Let h = -23 + u. Let q(m) = -5*m - 13. What is the tens digit of q(h)?
1
Suppose 31072 = 16*p - 14*p - 4*b, -p + 15539 = -b. What is the thousands digit of p?
5
Let i = 32755 + 12613. What is the ten thousands digit of i?
4
What is the tens digit of 23 + 206437/14 - ((-18)/4)/(-3)?
6
Let g(u) = 21*u - 12. Let d be g(1). What is the hundreds digit of 15*(3 + (462/d - 1))?
8
Let z(p) = -33*p**2 + 98*p + 3. Let x be z(3). Suppose 3*k + 13 - 4 = u, -4*k = -5*u + 1. What is the units digit of -1 - x - u - -93?
5
Let l be (-5 - (3 - 5)) + 5. Suppose -l*v + 3*v + 1107 = 2*n, -2*v = -3*n + 1659. Suppose -5*a = -30 - n. What is the tens digit of a?
1
Let y(o) = 11*o**2 - 149*o + 208. What is the units digit of y(34)?
8
Let i(a) = 423*a**2 + 18*a + 14. What is the tens digit of i(-7)?
1
Let h be ((-3)/6)/((-100)/24 - -4). Suppose 5*d + w - 9 = 0, d = -0*d + w + h. Suppose -d*n + 48 = -206. What is the units digit of n?
7
Let b(d) = 211*d - 1725. What is the units digit of b(21)?
6
Let x(n) = -48*n + 67 + 34*n + 19*n. What is the hundreds digit of x(24)?
1
Suppose 4*a + 0*a - 2*g = 278, -a + 2*g = -65. Let q = 121 + a. What is the tens digit of q?
9
Let a be 2/(-6)*(3 + -3). Suppose a = 8*d + d + 72. What is the units digit of (434/(-6))/(-1) + d/(-12)?
3
Suppose 0 = -3*d - 4*d + 35. Suppose 5*j - 1861 = 4*i, 3*i = -d*j + 2*i + 1866. What is the hundreds digit of j?
3
Let i(q) = -22*q - 105. Let m be i(-5). Suppose 4*v + 2*l - 1480 = 0, 0 = -3*v + m*l - 4*l + 1105. What is the hundreds digit of v?
3
Suppose 5*z = l - 31103, 5*l = -3*z + 79149 + 76142. What is the hundreds digit of l?
0
Let w(g) = 334*g - 72. Let p be w(11). Let z = p - 2136. What is the units digit of z?
6
Suppose -3*v = 8*n - 167527, 7*v = 2*v + 25. What is the tens digit of n?
3
Let a = -703 + 707. Suppose 0 = 9*b - a*b - 4605. What is the units digit of b?
1
Let h(o) = -o**2 - 3*o + 13. Let t be h(-5). Suppose 4*b + 12 = 0, -928 + 2551 = 3*q + t*b. What is the units digit of q?
4
Suppose -156*f = -85*f - 471795. Wha